{"id":171915,"date":"2026-02-02T16:20:01","date_gmt":"2026-02-02T15:20:01","guid":{"rendered":"https:\/\/cergy-pontoise.iledeloisirs.fr\/boutique\/?post_type=product&#038;p=171915"},"modified":"2026-04-01T13:21:23","modified_gmt":"2026-04-01T11:21:23","slug":"stage-tahiti-6-juillet-au-10-juillet-copie","status":"publish","type":"product","link":"https:\/\/cergy-pontoise.iledeloisirs.fr\/boutique\/produit\/stage-tahiti-6-juillet-au-10-juillet-copie\/","title":{"rendered":"Stage Tahiti &#8211; 13 juillet au 17 juillet 2026 (mardi f\u00e9ri\u00e9)"},"content":{"rendered":"<p><strong>Stage Tahiti\u00a0 7-10 ans<\/strong><\/p>\n<p>Ambiance Surf garantie !<\/p>\n<p><b>Les plaisirs de la glisse, du surf<\/b> \u00e0 votre port\u00e9e se rencontrent <b>avec les activit\u00e9s de pleine nature<\/b> pour un d\u00e9paysement et une \u00e9vasion totale. <b>Adapt\u00e9, \u00e0 chacun, <\/b>vous pourrez apprendre et progresser en <b>Nature, glisse et culture surf !<\/b><br \/>\nChaque jour, une nouvelle aventure gr\u00e2ce \u00e0 <strong>trois activit\u00e9s captivantes<\/strong>, \u00a0:<\/p>\n<ul>\n<li><strong>Matin<\/strong> : initiation et perfectionnement au surf de 10h \u00e0 12h<\/li>\n<li><strong>Pause d\u00e9jeuner<\/strong> : pique-nique de 12h \u00e0 13h<\/li>\n<li><strong>Apr\u00e8s-midi<\/strong> :\n<ul>\n<li>Premi\u00e8re activit\u00e9 de 13h \u00e0 15h<\/li>\n<li>Deuxi\u00e8me activit\u00e9 de 15h \u00e0 17h<\/li>\n<\/ul>\n<\/li>\n<\/ul>\n<p><strong>Activit\u00e9s au programme<\/strong> <em>(selon disponibilit\u00e9s)<\/em> :<br \/>\n<strong>dominante :<\/strong> Surf et glisse<\/p>\n<p><strong>Sports aventure :<\/strong> escalade, laser run, VTT,\u00a0 orientation et raid multisport.<\/p>\n<p><strong>Nature<\/strong> : le monde des \u00e9tangs, p\u00eache \u00e0 la ligne<\/p>\n<p><strong>Bonus<\/strong> : Aquaparc<\/p>\n<p><strong>Documents \u00e0 fournir pour l&#8217;inscription<\/strong> :<\/p>\n<ul>\n<li>Certificat m\u00e9dical<\/li>\n<li>Brevet de natation <em>(mod\u00e8les t\u00e9l\u00e9chargeables sur cette page)<\/em><\/li>\n<\/ul>\n<p><strong>\u00c9quipements \u00e0 pr\u00e9voir<\/strong> :<\/p>\n<ul>\n<li>Tenue de sport<\/li>\n<li>Tenue de pluie suivant m\u00e9t\u00e9o<\/li>\n<li>Affaires de bain<\/li>\n<li>Chaussures ferm\u00e9es adapt\u00e9es \u00e0 l&#8217;eau<\/li>\n<li>Pique-nique<\/li>\n<\/ul>\n<p><strong>Protection solaire<\/strong><br \/>\nLa protection solaire est sous la responsabilit\u00e9 des parents. Pensez \u00e0 fournir \u00e0 votre enfant :<\/p>\n<ul>\n<li>Cr\u00e8me solaire<\/li>\n<li>Casquette<\/li>\n<li>V\u00eatement anti-UV adapt\u00e9<\/li>\n<\/ul>\n<p>Certaines activit\u00e9s \u00e9tant expos\u00e9es au soleil, une vigilance particuli\u00e8re est recommand\u00e9e.<\/p>\n<p><strong>Informations importantes<\/strong><br \/>\nLe programme est donn\u00e9 \u00e0 titre indicatif et peut \u00eatre ajust\u00e9 en fonction des disponibilit\u00e9s des encadrants et des conditions m\u00e9t\u00e9orologiques.<\/p>\n<p>Fun, sportif et compl\u00e8tement nature\u00a0 !<\/p>\n","protected":false},"excerpt":{"rendered":"<p><strong>Stage Tahiti 7-10 ans<\/strong><\/p>\n<p>Ambiance Surf garantie !<\/p>\n<p><b>Les plaisirs de la glisse, du surf<\/b>\u00a0\u00e0 votre port\u00e9e se rencontrent\u00a0<b>avec les activit\u00e9s de pleine nature<\/b>\u00a0pour un d\u00e9paysement et une \u00e9vasion totale.\u00a0<b>Adapt\u00e9, \u00e0 chacun,\u00a0<\/b>vous pourrez apprendre et progresser en\u00a0<b>Nature, glisse et culture surf\u00a0<\/b><\/p>\n<p>Chaque jour, participe \u00e0 <strong>trois activit\u00e9s captivantes<\/strong>, avec une dominante surf tous les matins :<\/p>\n<ul>\n<li><strong>Matin<\/strong> : initiation et perfectionnement \u00e0 la voile de 10h \u00e0 12h<\/li>\n<li><strong>Pause d\u00e9jeuner<\/strong> : pique-nique de 12h \u00e0 13h<\/li>\n<li><strong>Apr\u00e8s-midi<\/strong> :\n<ul>\n<li>Premi\u00e8re activit\u00e9 de 13h \u00e0 15h<\/li>\n<li>Deuxi\u00e8me activit\u00e9 de 15h \u00e0 17h<\/li>\n<\/ul>\n<\/li>\n<\/ul>\n<p><strong>Activit\u00e9s au programme<\/strong> <em>(selon disponibilit\u00e9s)<\/em> :<\/p>\n<p>Surf, glisse, escalade, laser run, VTT,\u00a0 orientation et raid multisport,\u00a0le monde des \u00e9tangs, p\u00eache \u00e0 la ligne<\/p>\n<p><strong>Bonus<\/strong>\u00a0: Aquaparc<\/p>\n<p><b><i>Fun, sportif et compl\u00e8tement nature\u00a0 !<\/i><\/b><\/p>\n","protected":false},"featured_media":171962,"comment_status":"open","ping_status":"closed","template":"","meta":[],"product_brand":[],"product_cat":[20,32],"product_tag":[],"class_list":{"0":"post-171915","1":"product","2":"type-product","3":"status-publish","4":"has-post-thumbnail","6":"product_cat-stage-semaine","7":"product_cat-7-10-ans","9":"first","10":"instock","11":"virtual","12":"taxable","13":"purchasable","14":"product-type-simple"},"_links":{"self":[{"href":"https:\/\/cergy-pontoise.iledeloisirs.fr\/boutique\/wp-json\/wp\/v2\/product\/171915","targetHints":{"allow":["GET"]}}],"collection":[{"href":"https:\/\/cergy-pontoise.iledeloisirs.fr\/boutique\/wp-json\/wp\/v2\/product"}],"about":[{"href":"https:\/\/cergy-pontoise.iledeloisirs.fr\/boutique\/wp-json\/wp\/v2\/types\/product"}],"replies":[{"embeddable":true,"href":"https:\/\/cergy-pontoise.iledeloisirs.fr\/boutique\/wp-json\/wp\/v2\/comments?post=171915"}],"wp:featuredmedia":[{"embeddable":true,"href":"https:\/\/cergy-pontoise.iledeloisirs.fr\/boutique\/wp-json\/wp\/v2\/media\/171962"}],"wp:attachment":[{"href":"https:\/\/cergy-pontoise.iledeloisirs.fr\/boutique\/wp-json\/wp\/v2\/media?parent=171915"}],"wp:term":[{"taxonomy":"product_brand","embeddable":true,"href":"https:\/\/cergy-pontoise.iledeloisirs.fr\/boutique\/wp-json\/wp\/v2\/product_brand?post=171915"},{"taxonomy":"product_cat","embeddable":true,"href":"https:\/\/cergy-pontoise.iledeloisirs.fr\/boutique\/wp-json\/wp\/v2\/product_cat?post=171915"},{"taxonomy":"product_tag","embeddable":true,"href":"https:\/\/cergy-pontoise.iledeloisirs.fr\/boutique\/wp-json\/wp\/v2\/product_tag?post=171915"}],"curies":[{"name":"wp","href":"https:\/\/api.w.org\/{rel}","templated":true}]}}