{"id":171938,"date":"2026-02-02T18:02:28","date_gmt":"2026-02-02T17:02:28","guid":{"rendered":"https:\/\/cergy-pontoise.iledeloisirs.fr\/boutique\/?post_type=product&#038;p=171938"},"modified":"2026-04-01T13:21:23","modified_gmt":"2026-04-01T11:21:23","slug":"stage-caraibes-6juillet-au-10-juillet","status":"publish","type":"product","link":"https:\/\/cergy-pontoise.iledeloisirs.fr\/boutique\/produit\/stage-caraibes-6juillet-au-10-juillet\/","title":{"rendered":"Stage Cara\u00efbes &#8211; 6 juillet au 10 juillet 2026"},"content":{"rendered":"<p><strong>Stage Cara\u00efbes 7-10 ans<\/strong><\/p>\n<p><strong>Retrouve les plaisirs de faire naviguer ton catamaran gr\u00e2ce au vent ! Barrer, Border les voiles, virer ou empanner seront tes actions\u00a0 pour de pures moments de navigation. Nouveaut\u00e9 2026 : une d\u00e9couverte du ski nautique adapt\u00e9e !<\/strong><br \/>\nChaque jour, participe \u00e0 <strong>trois activit\u00e9s captivantes<\/strong>, avec une dominante sur la voile\u00a0 :<\/p>\n<ul>\n<li><strong>Matin<\/strong> : initiation et perfectionnement \u00e0 la voile de 10h \u00e0 12h<\/li>\n<li><strong>Pause d\u00e9jeuner<\/strong> : pique-nique de 12h \u00e0 13h<\/li>\n<li><strong>Apr\u00e8s-midi<\/strong> :\n<ul>\n<li>Premi\u00e8re activit\u00e9 de 13h \u00e0 15h<\/li>\n<li>Deuxi\u00e8me activit\u00e9 de 15h \u00e0 17h<\/li>\n<\/ul>\n<\/li>\n<\/ul>\n<p><strong>Activit\u00e9s au programme<\/strong> <em>(selon disponibilit\u00e9s)<\/em> :<br \/>\n<strong>Dominante :<\/strong> Voile<\/p>\n<p><strong>Sports nature :<\/strong> d\u00e9couverte ski nautique, nature, escalade, paddle, vague \u00e0 surf, tir \u00e0 l&#8217;arc, VTT,\u00a0 orientation et raid multisport.<\/p>\n<p><strong>Bonus<\/strong> : Aquaparc<\/p>\n<p><strong>Documents \u00e0 fournir pour l&#8217;inscription<\/strong> :<\/p>\n<ul>\n<li>Certificat m\u00e9dical<\/li>\n<li>Brevet de natation <em>(mod\u00e8les t\u00e9l\u00e9chargeables sur cette page)<\/em><\/li>\n<\/ul>\n<p><strong>\u00c9quipements \u00e0 pr\u00e9voir<\/strong> :<\/p>\n<ul>\n<li>Tenue de sport<\/li>\n<li>Tenue de pluie suivant m\u00e9t\u00e9o<\/li>\n<li>Affaires de bain<\/li>\n<li>Chaussures ferm\u00e9es adapt\u00e9es \u00e0 l&#8217;eau<\/li>\n<li>Pique-nique froid<\/li>\n<\/ul>\n<p><strong>Protection solaire<\/strong><br \/>\nLa protection solaire est sous la responsabilit\u00e9 des parents. Pensez \u00e0 fournir \u00e0 votre enfant :<\/p>\n<ul>\n<li>Cr\u00e8me solaire<\/li>\n<li>Casquette<\/li>\n<li>V\u00eatement anti-UV adapt\u00e9<\/li>\n<\/ul>\n<p>Certaines activit\u00e9s \u00e9tant expos\u00e9es au soleil, une vigilance particuli\u00e8re est recommand\u00e9e.<\/p>\n<p><strong>Informations importantes<\/strong><br \/>\nLe programme est donn\u00e9 \u00e0 titre indicatif et peut \u00eatre ajust\u00e9 en fonction des disponibilit\u00e9s des encadrants et des conditions m\u00e9t\u00e9orologiques.<\/p>\n<p>Un stage pour d\u00e9couvrir la voile tout en profitant d\u2019activit\u00e9s vari\u00e9es et ludiques !<\/p>\n","protected":false},"excerpt":{"rendered":"<p><strong>Stage Cara\u00efbes 7-10 ans<\/strong><\/p>\n<p><strong>Retrouve les plaisirs de faire naviguer ton catamaran gr\u00e2ce au vent ! Barrer, Border les voiles, virer ou empanner seront tes actions chaque jours pour de pures moments de navigation.\u00a0<\/strong><br \/>\nChaque jour, participe \u00e0 <strong>trois activit\u00e9s captivantes<\/strong>, avec une dominante sur la voile tous les matins :<\/p>\n<ul>\n<li><strong>Matin<\/strong> : initiation et perfectionnement \u00e0 la voile de 10h \u00e0 12h<\/li>\n<li><strong>Pause d\u00e9jeuner<\/strong> : pique-nique de 12h \u00e0 13h<\/li>\n<li><strong>Apr\u00e8s-midi<\/strong> :\n<ul>\n<li>Premi\u00e8re activit\u00e9 de 13h \u00e0 15h<\/li>\n<li>Deuxi\u00e8me activit\u00e9 de 15h \u00e0 17h<\/li>\n<\/ul>\n<\/li>\n<\/ul>\n<p><strong>Activit\u00e9s au programme<\/strong> <em>(selon disponibilit\u00e9s)<\/em> :<br \/>\nVoile, nature, escalade, tir \u00e0 l&#8217;arc, VTT, paddle, Vague \u00e0 surf, Orientation et raid multisport.<strong> Bonus :<\/strong> aquaparc<\/p>\n<p><strong><em>Nouveaut\u00e9 cette ann\u00e9e<\/em> <\/strong>: une d\u00e9couverte ski nautique adapt\u00e9e !<\/p>\n","protected":false},"featured_media":86663,"comment_status":"open","ping_status":"closed","template":"","meta":[],"product_brand":[],"product_cat":[20,32],"product_tag":[],"class_list":{"0":"post-171938","1":"product","2":"type-product","3":"status-publish","4":"has-post-thumbnail","6":"product_cat-stage-semaine","7":"product_cat-7-10-ans","9":"first","10":"instock","11":"virtual","12":"taxable","13":"purchasable","14":"product-type-simple"},"_links":{"self":[{"href":"https:\/\/cergy-pontoise.iledeloisirs.fr\/boutique\/wp-json\/wp\/v2\/product\/171938","targetHints":{"allow":["GET"]}}],"collection":[{"href":"https:\/\/cergy-pontoise.iledeloisirs.fr\/boutique\/wp-json\/wp\/v2\/product"}],"about":[{"href":"https:\/\/cergy-pontoise.iledeloisirs.fr\/boutique\/wp-json\/wp\/v2\/types\/product"}],"replies":[{"embeddable":true,"href":"https:\/\/cergy-pontoise.iledeloisirs.fr\/boutique\/wp-json\/wp\/v2\/comments?post=171938"}],"wp:featuredmedia":[{"embeddable":true,"href":"https:\/\/cergy-pontoise.iledeloisirs.fr\/boutique\/wp-json\/wp\/v2\/media\/86663"}],"wp:attachment":[{"href":"https:\/\/cergy-pontoise.iledeloisirs.fr\/boutique\/wp-json\/wp\/v2\/media?parent=171938"}],"wp:term":[{"taxonomy":"product_brand","embeddable":true,"href":"https:\/\/cergy-pontoise.iledeloisirs.fr\/boutique\/wp-json\/wp\/v2\/product_brand?post=171938"},{"taxonomy":"product_cat","embeddable":true,"href":"https:\/\/cergy-pontoise.iledeloisirs.fr\/boutique\/wp-json\/wp\/v2\/product_cat?post=171938"},{"taxonomy":"product_tag","embeddable":true,"href":"https:\/\/cergy-pontoise.iledeloisirs.fr\/boutique\/wp-json\/wp\/v2\/product_tag?post=171938"}],"curies":[{"name":"wp","href":"https:\/\/api.w.org\/{rel}","templated":true}]}}