{"id":34,"date":"2016-06-12T12:38:17","date_gmt":"2016-06-12T10:38:17","guid":{"rendered":"https:\/\/cergy-pontoise.iledeloisirs.fr\/boutique\/?post_type=product&#038;p=34"},"modified":"2026-04-30T15:16:53","modified_gmt":"2026-04-30T13:16:53","slug":"rafting-grand-public","status":"publish","type":"product","link":"https:\/\/cergy-pontoise.iledeloisirs.fr\/boutique\/produit\/rafting-grand-public\/","title":{"rendered":"Rafting"},"content":{"rendered":"<ol>\n<li><strong>L&#8217;activit\u00e9 id\u00e9ale pour un moment exceptionnel entre amis ou en famille!<\/strong><\/li>\n<\/ol>\n<p>A partir de 10 ans, venez d\u00e9couvrir les plaisirs de l&#8217;eau vive sur cette rivi\u00e8re artificielle d\u2019une longueur de 250 m\u00e8tres offrant les m\u00eames sensations qu\u2019une descente sur une rivi\u00e8re naturelle. Tous \u00e0 vos pagaies !<\/p>\n<p>Cr\u00e9neau d\u20191h30 avec 30 minutes de briefing et pr\u00e9paration, puis 1h d\u2019activit\u00e9 sur l\u2019eau.<\/p>\n<p><strong>NOUVEAUT\u00c9 2026:<\/strong>\u00a0En option, vous pouvez s\u00e9lectionner un temps de pratique r\u00e9duit \u00e0 30 minutes sur l&#8217;eau (remise de 10\u20ac).<\/p>\n<p>Vente de chaussures ferm\u00e9es sur la boutique en ligne possible.<\/p>\n<ul>\n<li><strong>Cr\u00e9neaux<\/strong> : horaires variables<\/li>\n<li><strong>A partir du <\/strong>:\u00a0 20 avril 2026<\/li>\n<li><strong>Dur\u00e9e\u00a0<\/strong>: 1h30 (ou 1h00 si option 30min sur l&#8217;eau)<\/li>\n<\/ul>\n<p><span style=\"text-decoration: underline\"><strong>Conditions \u00e0 valider\u00a0:<\/strong><\/span><\/p>\n<ol>\n<li>J\u2019ai 10 ans ou plus<\/li>\n<li>Je sais nager 25 m\u00e8tres (brevet de natation obligatoire pour les mineurs, \u00e0 pr\u00e9senter sur place au format papier )<\/li>\n<li>Je pr\u00e9vois des chaussures ferm\u00e9es, obligatoires pour la pratique<\/li>\n<li>Je pr\u00e9vois 1 adulte pour 3 mineurs par embarcation<\/li>\n<\/ol>\n<p>Le rafting est une activit\u00e9 engageante, pour la pratiquer vous devez \u00eatre en bonne sant\u00e9\u00a0et n&#8217;\u00eatre affect\u00e9 d&#8217;aucun trouble physique (troubles cardiaques, dos, colonne vert\u00e9brale&#8230;)<\/p>\n<p>Activit\u00e9 fortement d\u00e9conseill\u00e9e aux femmes enceintes.<\/p>\n<p>Tenue autoris\u00e9e : maillot de bain ou combinaison n\u00e9opr\u00e8ne.<\/p>\n<p>Jeton ou pi\u00e8ce de 1\u20ac n\u00e9cessaire pour s\u00e9curiser votre casier.<\/p>\n","protected":false},"excerpt":{"rendered":"<p>Cr\u00e9neau d\u20191h30 avec 30 minutes de briefing et pr\u00e9paration, puis 1h d\u2019activit\u00e9 sur l\u2019eau.<\/p>\n<p>A partir de 10 ans, venez d\u00e9couvrir les plaisirs de l&#8217;eau vive sur cette rivi\u00e8re artificielle d\u2019une longueur de 250 m\u00e8tres offrant les m\u00eames sensations qu\u2019une descente en milieu naturel.<\/p>\n<p><em><strong>Possibilit\u00e9 d&#8217;ouverture exceptionnelle hors p\u00e9riode, e<\/strong><strong><em>nvoyez<\/em> votre demande \u00e0: <a href=\"mailto:contact@cergy-pontoise.iledeloisirs.fr\">contact@cergy-pontoise.iledeloisirs.fr<\/a><\/strong><\/em><\/p>\n","protected":false},"featured_media":125062,"comment_status":"closed","ping_status":"closed","template":"","meta":[],"product_brand":[],"product_cat":[54],"product_tag":[],"class_list":{"0":"post-34","1":"product","2":"type-product","3":"status-publish","4":"has-post-thumbnail","6":"product_cat-grand-public","8":"first","9":"instock","10":"virtual","11":"taxable","12":"purchasable","13":"product-type-appointment"},"_links":{"self":[{"href":"https:\/\/cergy-pontoise.iledeloisirs.fr\/boutique\/wp-json\/wp\/v2\/product\/34","targetHints":{"allow":["GET"]}}],"collection":[{"href":"https:\/\/cergy-pontoise.iledeloisirs.fr\/boutique\/wp-json\/wp\/v2\/product"}],"about":[{"href":"https:\/\/cergy-pontoise.iledeloisirs.fr\/boutique\/wp-json\/wp\/v2\/types\/product"}],"replies":[{"embeddable":true,"href":"https:\/\/cergy-pontoise.iledeloisirs.fr\/boutique\/wp-json\/wp\/v2\/comments?post=34"}],"wp:featuredmedia":[{"embeddable":true,"href":"https:\/\/cergy-pontoise.iledeloisirs.fr\/boutique\/wp-json\/wp\/v2\/media\/125062"}],"wp:attachment":[{"href":"https:\/\/cergy-pontoise.iledeloisirs.fr\/boutique\/wp-json\/wp\/v2\/media?parent=34"}],"wp:term":[{"taxonomy":"product_brand","embeddable":true,"href":"https:\/\/cergy-pontoise.iledeloisirs.fr\/boutique\/wp-json\/wp\/v2\/product_brand?post=34"},{"taxonomy":"product_cat","embeddable":true,"href":"https:\/\/cergy-pontoise.iledeloisirs.fr\/boutique\/wp-json\/wp\/v2\/product_cat?post=34"},{"taxonomy":"product_tag","embeddable":true,"href":"https:\/\/cergy-pontoise.iledeloisirs.fr\/boutique\/wp-json\/wp\/v2\/product_tag?post=34"}],"curies":[{"name":"wp","href":"https:\/\/api.w.org\/{rel}","templated":true}]}}